se
Is 16906353 a multiple of 69?
False
Is 1847 a factor of 8881814?
False
Does 90 divide 231255?
False
Is 135995 a multiple of 21?
False
Is 65 a factor of 384345?
True
Is 451766 a multiple of 122?
True
Does 18 divide 1608110?
False
Does 589 divide 177576?
False
Does 250 divide 2962750?
True
Is 157536 a multiple of 12?
True
Does 38 divide 818579?
False
Is 378 a factor of 89964?
True
Is 202673 a multiple of 19?
True
Does 6 divide 546?
True
Is 6 a factor of 10313?
False
Is 12440449 a multiple of 203?
True
Is 2837099 a multiple of 19?
True
Is 8825 a multiple of 31?
False
Is 7 a factor of 207477?
False
Is 91 a factor of 1674379?
False
Does 758 divide 2180008?
True
Does 160 divide 61440?
True
Is 6052842 a multiple of 3?
True
Does 18 divide 171450?
True
Does 32 divide 8681957?
False
Is 1625697 a multiple of 19?
True
Does 78 divide 751199?
False
Does 161 divide 229475?
False
Is 656822 a multiple of 149?
False
Is 2767431 a multiple of 26?
False
Is 9987874 a multiple of 3177?
False
Is 2464951 a multiple of 977?
False
Is 538494 a multiple of 22?
True
Does 8 divide 846395?
False
Is 745 a factor of 9082295?
True
Does 3 divide 2275533?
True
Does 11 divide 177414?
False
Does 10 divide 57560?
True
Is 527796 a multiple of 181?
True
Does 17 divide 248249?
False
Does 6 divide 415084?
False
Is 63032 a multiple of 6?
False
Is 542400 a multiple of 192?
True
Is 1376 a factor of 25611601?
False
Is 580 a factor of 943660?
True
Is 103 a factor of 365650?
True
Is 76 a factor of 41009?
False
Is 134706 a multiple of 3?
True
Does 135 divide 6708460?
False
Does 23 divide 22871039?
True
Does 173 divide 531920?
False
Is 1907360 a multiple of 26?
True
Is 615 a factor of 366644?
False
Is 356814 a multiple of 461?
True
Is 44832 a multiple of 6?
True
Does 94 divide 3691098?
True
Is 25 a factor of 6666850?
True
Is 54809 a multiple of 136?
False
Is 33060 a multiple of 95?
True
Is 25 a factor of 834150?
True
Does 65 divide 122655?
True
Does 46 divide 7754404?
True
Is 40330 a multiple of 74?
True
Does 257 divide 22326?
False
Is 8530082 a multiple of 1397?
True
Does 4 divide 2556?
True
Is 1694943 a multiple of 7?
False
Is 8141598 a multiple of 873?
True
Is 63 a factor of 43029?
True
Is 12 a factor of 1922062?
False
Is 267 a factor of 158865?
True
Does 44 divide 239027?
False
Is 15 a factor of 387930?
True
Does 25 divide 70600?
True
Does 82 divide 5958?
False
Is 13 a factor of 54938?
True
Does 31 divide 3161496?
False
Is 75121 a multiple of 23?
False
Is 2338810 a multiple of 4?
False
Is 477460 a multiple of 642?
False
Does 24 divide 169303?
False
Is 151 a factor of 298880?
False
Is 1058021 a multiple of 2?
False
Is 12 a factor of 31106376?
True
Is 2162257 a multiple of 376?
False
Is 15 a factor of 8872919?
False
Does 137 divide 2401473?
True
Is 15923288 a multiple of 34?
True
Is 84 a factor of 6087816?
True
Is 7617 a multiple of 88?
False
Is 979547 a multiple of 48?
False
Does 14 divide 5795104?
True
Is 9 a factor of 10188252?
True
Does 22 divide 1422036?
True
Is 230360 a multiple of 57?
False
Is 12 a factor of 307716?
True
Is 501 a factor of 5245470?
True
Is 8205349 a multiple of 5?
False
Is 1256784 a multiple of 170?
False
Is 25 a factor of 2387225?
True
Is 2196012 a multiple of 4?
True
Is 385 a factor of 798490?
True
Is 41 a factor of 1039883?
True
Is 23 a factor of 925530?
False
Does 64 divide 320000?
True
Is 8 a factor of 271808?
True
Is 699107 a multiple of 44?
False
Does 2339 divide 19605498?
True
Does 186 divide 66107?
False
Does 268 divide 1227652?
False
Is 150160 a multiple of 80?
True
Is 522 a factor of 7911798?
False
Is 919 a factor of 2045953?
False
Is 6 a factor of 171657?
False
Does 90 divide 51660?
True
Does 35 divide 63770?
True
Does 387 divide 4239198?
True
Is 59 a factor of 877448?
True
Is 14 a factor of 17411758?
True
Does 32 divide 1482395?
False
Is 2 a factor of 8007?
False
Is 1117 a factor of 1589780?
False
Is 253129 a multiple of 269?
True
Is 1148670 a multiple of 18?
True
Is 106854 a multiple of 33?
True
Is 2162145 a multiple of 1037?
True
Does 67 divide 3413315?
True
Does 9 divide 599474?
False
Is 152350 a multiple of 70?
False
Is 31 a factor of 536949?
False
Is 566256 a multiple of 251?
True
Is 787657 a multiple of 593?
False
Is 73 a factor of 219445?
False
Is 3990 a multiple of 70?
True
Is 4 a factor of 123364?
True
Is 72 a factor of 2845852?
False
Is 26 a factor of 1364196?
False
Is 90 a factor of 147060?
True
Is 262337 a multiple of 19?
False
Does 26 divide 2795579?
False
Is 51 a factor of 408?
True
Is 22985 a multiple of 213?
False
Does 37 divide 5776?
False
Is 354148 a multiple of 116?
True
Does 6 divide 151087?
False
Is 3188178 a multiple of 21?
True
Does 301 divide 54481?
True
Is 14 a factor of 38976?
True
Does 329 divide 279979?
True
Is 10 a factor of 191945?
False
Is 324 a factor of 2367792?
True
Does 97 divide 1789068?
True
Is 12 a factor of 103788?
True
Is 12 a factor of 23978016?
True
Is 1023804 a multiple of 440?
False
Does 21 divide 30177?
True
Does 62 divide 71796?
True
Does 15 divide 59667?
False
Does 27 divide 435852?
False
Does 465 divide 92019?
False
Is 14268743 a multiple of 36?
False
Does 4 divide 1493768?
True
Is 45 a factor of 69306?
False
Is 204 a factor of 214608?
True
Is 510 a factor of 1535610?
True
Does 20 divide 1149310?
False
Is 110032 a multiple of 16?
True
Is 9131 a multiple of 23?
True
Is 160524 a multiple of 12?
True
Is 31 a factor of 7217054?
False
Does 423 divide 8507232?
False
Is 6935292 a multiple of 616?
False
Is 39 a factor of 173433?
True
Is 210 a factor of 1941450?
True
Is 12 a factor of 36876?
True
Is 396704 a multiple of 28?
True
Is 57 a factor of 209014?
False
Is 1447733 a multiple of 7?
True
Is 94419 a multiple of 351?
True
Is 7 a factor of 12084824?
False
Is 119629 a multiple of 8?
False
Does 4 divide 317151?
False
Is 4476835 a multiple of 21?
False
Is 689748 a multiple of 101?
False
Is 106976 a multiple of 92?
False
Does 7 divide 162689?
False
Does 2 divide 5268?
True
Is 56 a factor of 2130184?
True
Is 732883 a multiple of 14?
False
Is 305046 a multiple of 81?
True
Does 19 divide 143771?
False
Is 4028171 a multiple of 279?
False
Does 18 divide 2110202?
False
Does 65 divide 3145168?
False
Is 22 a factor of 839322?
True
Does 68 divide 678504?
True
Is 1407236 a multiple of 23?
False
Does 23 divide 608994?
True
Is 94 a factor of 1727814?
True
Is 108 a factor of 18684?
True
Is 837 a factor of 3049319?
False
Is 871298 a multiple of 198?
False
Is 58 a factor of 355063?
False
Does 29 divide 3578803?
True
Does 2 divide 57498?
True
Is 1688356 a multiple of 15?
False
Does 71 divide 10295?
True
Is 144039 a multiple of 365?
False
Does 74 divide 1971839?
False
Is 38 a factor of 6498?
True
Is 2568208 a multiple of 88?
False
Is 286950 a multiple of 75?
True
Does 4 divide 83416?
True
Is 536 a factor of 298283?
False
Is 26 a factor of 5269290?
True
Does 34 divide 62424?
True
Is 536336 a multiple of 80?
False
Is 286 a factor of 1144858?
True
Does 21 divide 475803?
False
Does 108 divide 262485?
False
Does 708 divide 10849971?
False
Does 10 divide 3296898?
False
Is 350244 a multiple of 108?
True
Is 18 a factor of 422053?
False
Is 135 a factor of 157428?
False
Does 11 divide 149544?
False
Does 37 divide 844800?
False
Is 133 a factor of 272594?
False
Does 6 divide 7282518?
True
Is 18 a factor of 29495773?
False
Is 424071 a multiple of 15?
False
Is 164 a factor of 20336?
True
Is 16 a factor of 19995470?
False
Does 9 divide 235431?
True
Is 118820 a multiple of 20?
True
Is 8847860 a multiple of 14?
True
Does 93 divide 227076?
False
Is 8 a factor of 32552?
True
Is 452643 a multiple of 160?
False
Is 12064910 a multiple of 242?
True
Does 25 divide 169334?
False
Is 227 a factor of 166000?
False
Does 376 divide 875864?
False
Does 23 divide 420026?
True
Is 7 a factor of 57022?
True
Does 6 divide 13382?
False
Does 7 divide 64556?
False
Is 1465482 a multiple of 13?
False
Is 453 a factor of 592199?
False
Does 67 divide 4639482?
True
Is 41 a factor of 477527?
True
Is 226 a factor of 26553?
False
Is 29 a factor of 120669?
True
Is 797 a factor of 1282373?
True
Does 21 divide 4016418?
True
Is 2613260 a multiple of 190?
True
Is 42 a factor of 4229316?
True
Does 23 divide 9737512?
False
Is 88 a factor of 271195?
False
Is 3679445 a multiple of 5?
T